at is -11000110011111 (base 2) in base 8?
-30637
What is -3545 (base 6) in base 5?
-11412
Convert -312 (base 7) to base 6.
-420
Convert -3553 (base 15) to base 3.
-120112120
What is 388 (base 15) in base 4?
30203
What is 138 (base 15) in base 5?
2103
-4bc3 (base 15) to base 3
-211011110
1686 (base 10) to base 13
9c9
What is -12033 (base 4) in base 10?
-399
-455 (base 10) to base 3
-121212
Convert -1240140 (base 5) to base 13.
-b166
-2b57 (base 15) to base 4
-2101123
-660 (base 7) to base 9
-413
71 (base 12) to base 10
85
Convert 1a5 (base 15) to base 11.
316
Convert -6035 (base 8) to base 5.
-44401
Convert 1481 (base 9) to base 15.
501
Convert -2022 (base 11) to base 6.
-20234
What is -100121 (base 3) in base 4?
-10003
Convert 301 (base 4) to base 2.
110001
What is -50 (base 14) in base 8?
-106
760 (base 13) to base 12
891
What is -86a4 (base 13) in base 7?
-105406
Convert f7 (base 16) to base 6.
1051
-1655 (base 9) to base 14
-665
What is -716 (base 8) in base 14?
-250
What is 4235 (base 9) in base 5?
44420
What is -802 (base 15) in base 5?
-24202
What is -50242 (base 6) in base 13?
-2cc0
Convert -12122 (base 5) to base 16.
-390
Convert 210345 (base 6) to base 12.
99b5
What is 1b204 (base 12) in base 7?
224503
Convert 334 (base 5) to base 9.
114
Convert 22212012 (base 3) to base 4.
1210322
What is -3203 (base 9) in base 8?
-4460
7668 (base 10) to base 12
4530
Convert 10957 (base 11) to base 8.
36660
-39a (base 12) to base 16
-226
What is 2210120001 (base 3) in base 4?
31130221
-1090 (base 14) to base 8
-5466
-16f (base 16) to base 12
-267
Convert -21d4 (base 16) to base 2.
-10000111010100
109 (base 16) to base 10
265
Convert -62675 (base 8) to base 16.
-65bd
Convert -55470 (base 8) to base 12.
-11620
What is 656 (base 9) in base 16?
219
Convert -616 (base 8) to base 13.
-248
Convert -15f (base 16) to base 5.
-2401
Convert -62d2 (base 14) to base 11.
-11891
10341 (base 12) to base 8
51341
195 (base 14) to base 13
1c2
342443 (base 7) to base 9
102528
152cb (base 14) to base 6
1044003
1010110011101 (base 2) to base 11
4180
Convert 232341 (base 5) to base 7.
33461
Convert -8e1 (base 16) to base 10.
-2273
-1210021 (base 3) to base 4
-110113
3001130 (base 4) to base 6
133152
-1011000111 (base 2) to base 12
-4b3
200122 (base 3) to base 5
4003
What is -558 (base 10) in base 5?
-4213
What is 316a (base 12) in base 6?
41014
Convert -334 (base 16) to base 11.
-686
Convert -4101 (base 12) to base 5.
-211212
Convert -1023310 (base 4) to base 15.
-1687
-766 (base 8) to base 15
-237
2024130 (base 5) to base 8
100420
Convert 7283 (base 13) to base 6.
201132
-63d (base 14) to base 6
-5411
-b97 (base 13) to base 16
-7bf
What is 52e3 (base 15) in base 9?
26046
122e (base 15) to base 11
29a8
-502 (base 14) to base 2
-1111010110
What is 110001011 (base 2) in base 5?
3040
Convert 111110111 (base 2) to base 8.
767
Convert 16325 (base 9) to base 8.
25701
What is 291 (base 14) in base 7?
1341
-947 (base 13) to base 11
-1207
Convert -210222 (base 3) to base 10.
-593
33602 (base 10) to base 12
17542
What is -25aa (base 15) in base 13?
-3871
What is 6a46 (base 13) in base 2?
11101001010010
Convert -11101110 (base 2) to base 15.
-10d
What is 1000001 (base 2) in base 3?
2102
27267 (base 9) to base 14
6a1a
What is 1000001111011001 (base 2) in base 5?
2040003
Convert -232 (base 7) to base 4.
-1321
-1c3 (base 16) to base 10
-451
What is 11 (base 8) in base 16?
9
What is -2201 (base 3) in base 8?
-111
What is -5118 (base 11) in base 13?
-3129
Convert -8d2f (base 16) to base 10.
-36143
c802 (base 16) to base 7
302164
16441 (base 11) to base 8
55164
-23d1 (base 16) to base 9
-13517
What is 1111100101011 (base 2) in base 15?
256e
What is -46 (base 12) in base 8?
-66
What is 7c6 (base 13) in base 12?
941
Convert -56bb (base 14) to base 4.
-3223111
4444 (base 7) to base 4
121000
What is 1011001010 (base 2) in base 9?
873
What is 14315 (base 6) in base 5?
33104
-102b (base 13) to base 10
-2234
Convert -21404 (base 5) to base 12.
-a33
-13005 (base 9) to base 15
-28d8
What is -1bbb (base 15) in base 16?
-178a
-1320 (base 6) to base 5
-2321
Convert -101000101 (base 2) to base 8.
-505
2fc1 (base 16) to base 8
27701
Convert -111111011111 (base 2) to base 4.
-333133
24402 (base 5) to base 15
837
What is -1110010111110111 (base 2) in base 13?
-20a47
8376 (base 11) to base 16
2b56
250 (base 6) to base 15
6c
Convert -1000 (base 13) to base 5.
-32242
Convert -1558 (base 10) to base 5.
-22213
-158ca (base 13) to base 4
-22001220
What is -7a80 (base 16) in base 9?
-47014
What is -204027 (base 8) in base 6?
-1240555
What is -1191 (base 12) in base 15?
-8c1
Convert 220212 (base 3) to base 13.
3c8
Convert 310 (base 13) to base 2.
1000001000
Convert 1b4 (base 12) to base 14.
160
Convert 1883 (base 16) to base 3.
22121102
What is -11001011 (base 2) in base 8?
-313
Convert -4101 (base 13) to base 15.
-29c3
Convert 31204 (base 7) to base 11.
5823
-1ba6 (base 16) to base 7
-26431
What is 330100 (base 4) in base 2?
111100010000
-1014110 (base 5) to base 14
-6188
What is -7992 (base 10) in base 14?
-2cac
What is -4a9 (base 13) in base 16?
-32f
Convert -3e (base 15) to base 7.
-113
What is -223 (base 15) in base 9?
-586
Convert -11000010011 (base 2) to base 6.
-11111
What is 12445 (base 6) in base 2?
11101101101
Convert -693 (base 14) to base 10.
-1305
-101011001 (base 2) to base 7
-1002
11403 (base 7) to base 16
b7f
Convert -113004 (base 6) to base 8.
-22774
Convert 516e (base 16) to base 13.
9647
Convert -685 (base 12) to base 6.
-4245
What is -101563 (base 7) in base 12?
-a114
What is 10221221 (base 3) in base 7?
11263
Convert -10012000022 (base 3) to base 12.
-30352
Convert 570 (base 8) to base 4.
11320
What is -56 (base 8) in base 13?
-37
What is a26 (base 12) in base 6?
10450
What is -11045 (base 8) in base 10?
-4645
What is 207 (base 14) in base 8?
617
What is 1084 (base 13) in base 2?
100100000001
What is 4485 (base 16) in base 4?
10102011
-119 (base 16) to base 8
-431
What is 169 (base 15) in base 2?
101000100
Convert -3146 (base 7) to base 3.
-1112012
981 (base 10) to base 13
5a6
Convert 1331 (base 6) to base 16.
157
What is -11010011100 (base 2) in base 12?
-b90
Convert 260d (base 14) to base 4.
1220111
Convert -11121011 (base 3) to base 10.
-3352
Convert -180 (base 12) to base 11.
-1a9
50137 (base 8) to base 6
235131
Convert -404023 (base 6) to base 14.
-b927
Convert 23363 (base 7) to base 16.
1787
What is 5589 (base 13) in base 2?
10111010100111
What is -30312 (base 4) in base 7?
-2253
Convert 12234 (base 5) to base 9.
1258
What is 21212201 (base 3) in base 11?
4351
Convert 201 (base 8) to base 13.
9c
-2e0 (base 16) to base 8
-1340
Convert -3169 (base 10) to base 16.
-c61
What is -2330 (base 4) in base 11?
-161
-221160 (base 7) to base 10
-38850
74 (base 12) to base 15
5d
What is -5063 (base 7) in base 12?
-1028
-1102202212 (base 3) to base 8
-67151
What is 629 (base 13) in base 9?
1385
1032 (base 5) to base 10
142
What is -4321 (base 6) in base 11?
-816
-2fa (base 16) to base 11
-633
What is 2100 (base 16) in base 9?
12526
1805 (base 14) to base 3
12220220
108 (base 14) to base 8
314
What is 13434 (base 6) in base 11?
1649
-c242 (base 15) to base 13
-1588a
1662 (base 12) to base 4
221222
Convert -20a (base 16) to base 2.
-1000001010
-547 (base 12) to base 5
-11100
Convert -612 (base 8) to base 7.
-1102
What is 1677 (base 14) in base 4?
332321
1504 (base 10) to base 7
4246
Convert 214 (base 9) to base 8.
257
-2341 (base 5) to base 9
-424
-102110201 (base 3) to base 15
-2727
-4762 (base 9) to base 6
-24215
29b1 (base 12) to base 5
124020
Convert 1110101010100011 (base 2) to base 5.
3410232
206177 (base 8) to base 2
10000110001111111
What is 624 (base 7) in base 4?
10320
Convert 155 (base 8) to base 6.
301
What is 7421 (base 12) in base 13?
5a19
What is 754 (base 13) in base 12?
884
Convert 201220002 (base 3) to base 9.
21802
-4157 (base 9) to base 16
-be9
Convert 111001010 (base 2) to base 11.
387
What is -1ccc (base 14) in base 3?
-21020102
Convert 20 (base 13) to base 2.
11010
Convert -33100 (base 4) to base 2.
-1111010000
Convert 2a3 (base 14) to base 13.
322
Convert -130051 (base 7) to base 5.
-1232141
What is 3d9e (base 15) in base 7?
53324
Convert -11101102 (base 3) to base 2.
-110